late the greatest common divisor of d and y.
10
Let x be (-1)/(-3) - (-44)/3. Let n = x - -9. What is the greatest common divisor of 12 and n?
12
Let x = 7 + -9. Let t be 8 - x/2 - -2. Let m be t*1 - (-2 - -5). Calculate the greatest common divisor of m and 20.
4
Let g(s) = -s**2 - s + 19. Let o be g(0). Let q = -12 + o. Suppose 0 = -4*l + 89 + q. What is the highest common divisor of l and 36?
12
Let n be -3*1/(-3) - -1. Suppose l - g - 4 = 0, 0 = -3*l - 2*g + 8 - 1. What is the highest common divisor of l and n?
1
Let c be (-2 - -3)*127 - 1. Suppose -h + 63 = 2*h + 3*r, -12 = -4*r. What is the greatest common factor of h and c?
18
Suppose 50 = 5*l - 2*n, -20 - 13 = -l + 5*n. What is the greatest common factor of l and 88?
8
Let u be (-71)/(-6) - (-6)/36. Calculate the highest common divisor of u and 3.
3
Suppose -2*t + 6 = -4. Let l = -4 - -7. Suppose 175 = 2*j + l*j. What is the highest common factor of t and j?
5
Let t = -4 + 6. Let r(b) = 8*b**2 - t*b**2 - b**2. Let o be r(-2). What is the highest common divisor of 30 and o?
10
Let i(y) = y**3 - y**2 - 4*y + 4. Let l be i(4). Let f = -21 + l. Suppose 4*p + 1 - 21 = 0. What is the greatest common factor of f and p?
5
Suppose -8*p + 3*p + 160 = 0. Suppose 4*s = -p + 120. What is the highest common divisor of 66 and s?
22
Let t be (30/(-25))/((-1)/(-5)). Let s = -93 + 144. Let n = t + s. Calculate the highest common factor of n and 18.
9
Let d = 489 - 325. Let s = d + 1. Let q = -9 + 24. Calculate the highest common factor of s and q.
15
Let t(j) = j**3 + 9*j**2 + 4*j - 15. Let s be t(-7). Calculate the highest common factor of 22 and s.
11
Suppose 5*a + 5*j = -40, -2*a + 7*a + 10 = 5*j. Let k be (-12)/3*a/2. What is the highest common divisor of 80 and k?
10
Let p be (-1)/(-15)*3 - (-838)/10. Calculate the greatest common divisor of 42 and p.
42
Suppose 0 = -2*r + 56 + 70. Let f = 132 - 111. Calculate the greatest common divisor of f and r.
21
Suppose 2*p = 2*y + 64, 2*p - 47 = y - 2*p. Let a = 41 + y. Let g = a - -2. Calculate the highest common divisor of g and 144.
16
Let b be ((-22)/4 + -3)*-6. Suppose 3*m = 4*z - 53, -4*z + 9*m = 4*m - b. Calculate the greatest common divisor of z and 70.
14
Let f(z) = 3*z**2 + 9*z + 3. Let t be f(-7). Let x = t - 47. Calculate the highest common factor of x and 8.
8
Let p be (8/(-6))/(4 + 1016/(-252)). Calculate the greatest common factor of 63 and p.
21
Let p = 5 + -1. Suppose 42 = c + 2*c + 2*a, c = p*a + 14. Calculate the greatest common factor of c and 28.
14
Suppose 285 + 315 = 4*g. Suppose 0 = -5*z + 53 + 22. Calculate the highest common divisor of g and z.
15
Suppose 5*l + 566 = 1366. What is the highest common factor of l and 10?
10
Let m = -4 - -5. Let q be ((-10)/15)/(m/15). Let l be (69/(-6) + 2)*q. Calculate the highest common factor of 38 and l.
19
Suppose 26 = a - 2*b + 3*b, 0 = -2*a + b + 37. What is the greatest common divisor of a and 105?
21
Let m(r) = 3*r**2 + 3*r - 3. Let u be m(2). Let w be (-25)/2*24*(-4)/10. Calculate the highest common divisor of u and w.
15
Let z be ((-14)/4)/(18/(-180)). Suppose 11 = 3*p - 4*q - 10, 3*p - q = 21. What is the highest common factor of p and z?
7
Let c(o) = o**2 - o + 31. Let n be c(0). Suppose 3*t = n - 4. What is the highest common divisor of 81 and t?
9
Suppose -20 = 9*o - 155. Calculate the highest common divisor of o and 135.
15
Suppose 5 = 4*o - 7. Let q be 0 - (3 - (o - 0)). Suppose p + 4*d = 68, 0 = -3*p - q*p + 3*d + 279. What is the greatest common divisor of 11 and p?
11
Let i = -75 + 203. Suppose -96 = 4*o + i. Let n be 2/6 - o/12. Calculate the greatest common divisor of n and 5.
5
Let s = 22 - -9. Let t = s - 17. Let p(y) = 2*y**2 - 2*y + 2. Let w be p(-4). Calculate the greatest common factor of t and w.
14
Let o = 206 + -48. Let y = o + -95. Calculate the greatest common factor of 7 and y.
7
Let y be (4/2)/(1/3). Let g be (20/y)/(1/3). Calculate the highest common factor of g and 90.
10
Let v = -1 + 19. Calculate the highest common divisor of v and 45.
9
Suppose -16 + 72 = 4*w. Let q = w + 6. What is the greatest common divisor of q and 10?
10
Let a = 151 + -150. Calculate the highest common factor of 5 and a.
1
Let d(t) = t**2 + 6*t + 9. Let j be d(6). What is the highest common divisor of 9 and j?
9
Let m = 83 - 43. Let c be 17/5 + 24/m. What is the highest common divisor of c and 8?
4
Suppose d + 143 + 168 = 3*y, -5*y = 3*d - 523. Suppose -4*s = -s + 2*j - 39, -5*j - 39 = -3*s. Calculate the highest common factor of y and s.
13
Suppose -24 = -3*n + 3. Let u(z) = 2*z**2 - 3*z - 5. Let v be u(7). Calculate the highest common divisor of n and v.
9
Let y(i) = -i**3 - i**2 + 2*i + 2. Suppose 0 = -z - r - 8, -5*r = -z - 0*r + 22. Let u be y(z). What is the highest common divisor of 42 and u?
14
Let y(q) = -29*q**3 - 2*q**2 - q. Let u be y(-1). Let h = -16 + u. Calculate the highest common divisor of 84 and h.
12
Let u(v) = -v**3 + 4*v**2 - 3. Let r be u(3). What is the greatest common factor of r and 2?
2
Let t be (-1)/2 + 51/6. Suppose -3*k = 3*o - 1 - 5, 4*k = 3*o + t. Let m be 68/8 - (-1)/k. Calculate the highest common divisor of 6 and m.
3
Let d(l) = -3*l - 1. Let k be d(-9). Suppose -3*s + 325 = 2*s. Calculate the highest common factor of k and s.
13
Let d be (0 + 4)/(-4)*-132. Suppose -52 + d = z. Calculate the highest common divisor of z and 10.
10
Let k be 3 + 0 + (-25)/5*-1. Calculate the greatest common factor of 128 and k.
8
Suppose 20*r - 22*r + 4 = 0. What is the highest common factor of 2 and r?
2
Suppose 127 + 13 = x. What is the highest common factor of x and 20?
20
Let n(t) = -t**2 - 11*t + 20. Let g be n(-10). Calculate the highest common divisor of g and 12.
6
Let m(n) = -2*n - 11. Let z be m(-8). Suppose z*r - 9 = 1. Suppose -3*j = -j - 4*g - 12, 4*j + r*g = 74. What is the highest common factor of j and 128?
16
Let j(w) be the third derivative of w**4/12 + w**3/3 - 4*w**2. Let s be j(11). Calculate the highest common divisor of 6 and s.
6
Let l = 19 - 23. Let s be 1 - (-16)/l - -18. Calculate the greatest common divisor of 75 and s.
15
Let n(m) = 5*m**3 + 20*m**2 + 18*m + 4. Let u(r) = -r**3 - r**2 + 1. Let x(c) = n(c) + 6*u(c). Let k be x(15). Calculate the highest common divisor of k and 5.
5
Let z be 4/(-3) + (-148)/(-3). Suppose 0 = 3*u - 4*u + 12. What is the greatest common factor of z and u?
12
Suppose 191 = 2*a - 25. Suppose -2*t + a = 2*t. What is the highest common divisor of 27 and t?
27
Let l be (-1605)/(-18) + (-4)/24. Let c = l - 35. Calculate the highest common divisor of c and 6.
6
Suppose -2058 = -3*k - 4*k. Suppose -k = -0*l - 3*l. What is the greatest common factor of 14 and l?
14
Suppose 0*q - 16 = -q + c, 0 = 5*q - c - 76. Let r(w) = -w**3 + 14*w**2 - 2*w - 8. Let z be r(13). Calculate the highest common divisor of z and q.
15
Let p be ((-11)/3)/(1/(-3)). Let n = -11 - -15. Let s = 18 + n. What is the greatest common factor of p and s?
11
Let l(t) = -t**3 + 8*t**2 + 2*t - 4. Let w be l(6). Calculate the highest common divisor of 10 and w.
10
Let r(q) = q**3 + 4*q**2 - 8*q - 4. Let u be r(-5). What is the greatest common factor of u and 99?
11
Suppose 0 = 2*l - 293 - 169. What is the highest common factor of 21 and l?
21
Let g(z) = -z**2 - 4*z - 1. Let d be g(-3). Suppose 4*p - a - 37 = 0, 0*a - 21 = -d*p + 3*a. Calculate the highest common factor of p and 9.
9
Suppose t = 3*z - 178, -t - 128 = -2*z - 5*t. What is the greatest common divisor of 24 and z?
12
Let r(p) = -p**3 - p**2 - 2*p + 18. Let m be r(0). What is the greatest common divisor of m and 2?
2
Suppose -5*o - 2*p = -53, 24 = 3*o + 3*p - 15. Let c be -9 - 2/(2 + -4). Let f = 26 + c. What is the highest common divisor of f and o?
9
Let i(r) = r - 2. Let j be i(1). Let c be 1*j/((-3)/486). Suppose m + 0*m + c = 3*s, 0 = -3*s + 2*m + 162. What is the highest common divisor of s and 18?
18
Let w be 40*4/(3 + 1). Calculate the greatest common factor of 8 and w.
8
Suppose 3*x + 2*h - 15 = 292, 2*x - 208 = -2*h. Let g = -2 + 6. Suppose y = 4*n - 34, 2*y - 44 = -4*n - g. What is the greatest common divisor of x and n?
9
Let m = 9 + -2. Let g = 27 - 1. Let v = g + -12. Calculate the highest common divisor of v and m.
7
Suppose 2*m = 2*c + 12, 5*m + 3*c - 6 = -0*c. Calculate the highes